What is the highest common factor of v and 18?
9
Let b = -274 - -394. What is the highest common divisor of b and 420?
60
Suppose -2*d + 371 = 3*k, 5*d - k = -167 + 1137. Let j = d + -127. Suppose b - 6 = -0*b. What is the highest common divisor of b and j?
6
Suppose -144*a - 17575 = -181*a. What is the greatest common divisor of 325 and a?
25
Let f(n) = -n**3 - 5*n**2 - 5*n + 3. Let q be f(-4). Suppose 5*h = q + 3. Let u be h*(3 - 9/(-2)). Calculate the highest common divisor of 165 and u.
15
Let a(l) = -l**2 + 9*l - 25. Let t be a(12). Let h = t + 82. Calculate the greatest common divisor of h and 231.
21
Let z(q) = 12*q - 66. Let b be z(6). What is the highest common factor of b and 48?
6
Suppose 0 = -5*k - 4*a + 298, -5*a + 47 = 53*k - 52*k. What is the highest common factor of k and 775?
31
Let y = 25 + -17. Suppose -10*f + 27 = -f. Suppose 0 = -f*j - 0*j + 12. What is the highest common factor of j and y?
4
Let h = 79 + -36. Suppose 5*o - h = 17. Suppose -3*g - m + 17 + 20 = 0, -2*g + 3*m + 21 = 0. Calculate the greatest common factor of o and g.
12
Suppose 2*x - 28 = -5*r, -5*r - 26 = -3*x - x. Let w = 177 - x. What is the highest common factor of 21 and w?
21
Let x be 16/24*6/1. Calculate the highest common factor of 86 and x.
2
Let b be (-5)/((-405)/21864) - 88/(-1188). Calculate the highest common divisor of b and 756.
54
Let k(v) = 5*v**2 - 38*v + 4. Let d be k(8). Let f be (-1)/3 - (-32)/6. What is the greatest common divisor of f and d?
5
Let q be 46/6 - (-224)/168. Calculate the highest common divisor of q and 51.
3
Suppose 0 = -7*o - 13*o + 2600. What is the greatest common factor of o and 70?
10
Suppose 4*a - 12*w + 11*w - 112 = 0, -2*a + 38 = -5*w. Calculate the greatest common divisor of 319 and a.
29
Let w be 2 + 12/(-5) + (-117)/(-5). Suppose -17*a + w*a - 336 = 0. Calculate the highest common divisor of 7 and a.
7
Let n(o) = 2*o - 11. Let v = 0 - -10. Let x be n(v). Suppose m - 84 = 4*l, -5*l + 159 = 2*m + 30. Calculate the greatest common factor of m and x.
9
Let m(h) = 3*h + 19. Let b be m(-3). Let v be ((-9)/(-10)*2)/(2/b). What is the greatest common factor of 63 and v?
9
Suppose 5*r = r + 3*a + 510, 5*r - 632 = a. What is the highest common factor of r and 56?
14
Let r = -2379 + 2474. Let m = -46 + 65. What is the greatest common factor of m and r?
19
Let u(k) = k**3 + 14*k**2 + 17*k - 33. Let m be u(-12). Calculate the highest common factor of m and 85.
17
Suppose -12*q - 5*q = 1309. Let f = -41 - q. What is the greatest common factor of 6 and f?
6
Let v be 4/18 - (106/(-9) + 5). Suppose v*y - 19 = 2. Calculate the greatest common factor of 18 and y.
3
Let r(u) = u**3 + 6*u**2 + 2*u + 20. Let d = -15 - -9. Let y be r(d). Calculate the greatest common factor of 24 and y.
8
Suppose -31*t + 24266 = 7154. Calculate the highest common factor of t and 207.
69
Suppose -6*v = 1 - 37. Suppose 5*r - 643 - 307 = 0. Suppose -50 - r = -5*g. What is the highest common factor of g and v?
6
Let d(x) be the third derivative of -29*x**4/24 - 17*x**3/3 + 25*x**2. Let w be d(-6). What is the greatest common factor of 56 and w?
28
Let o = 45 - 42. Calculate the greatest common factor of o and 39.
3
Let g(y) = y**3 - 5*y**2 - y - 4. Let o be g(4). Let q = -18 - o. Let a(x) = 16*x - 1. Let z be a(q). What is the highest common factor of 19 and z?
19
Let c = -1596 + 3121. What is the highest common factor of 61 and c?
61
Let j = 94 - 94. Let g(f) = -f**2 + f + 35. Let w be g(j). Calculate the greatest common divisor of w and 14.
7
Suppose -140 = -10*g + 9*g. Calculate the highest common divisor of g and 80.
20
Suppose -6*p - 18 = -3*p. Let s be 2/p*3 - -31. Calculate the greatest common factor of 24 and s.
6
Suppose -4*p = 3*t + 3 - 65, 0 = t - 2. Let c = 446 - 441. Suppose -c*k + 4*d + 37 = 0, -5*k + p = 4*d + 1. What is the highest common factor of k and 35?
5
Suppose 2*m = -3*h + 2 + 4, -m = 2*h - 4. Suppose h*o + 5 = -w, 4*w + o + 12 = -3*o. Let u = 10 - w. What is the highest common factor of u and 11?
11
Let c(n) = -17*n - 14. Let o be c(-4). Let z = o + -34. What is the greatest common factor of z and 5?
5
Suppose 3*m - 114 = -3*t, 3*t = 7*t - 20. Let j be (15/(-4))/(51/(-68)). Let q = j - 2. Calculate the greatest common factor of m and q.
3
Suppose -15 = -2*x - x, -276 = i + 3*x. Let t = i - -621. What is the highest common divisor of 33 and t?
33
Let d(o) = -2*o - 6. Suppose -49 = -0*h + 7*h. Let i be d(h). What is the greatest common divisor of i and 88?
8
Let b(v) = 22*v**2 + 20*v - 21. Let z be b(1). What is the highest common factor of 56 and z?
7
Let g = 59 + -26. Suppose -k = -r - 1 - 8, 2*r - 5*k = -g. Let c be r/(-30)*5*6. What is the greatest common factor of 28 and c?
4
Suppose 0 = 3*p - 9, 0 = -3*u - 24*p + 19*p + 1581. What is the highest common divisor of u and 18?
18
Suppose 17*x - 18*x - 1363 = -4*f, f - x = 343. Calculate the greatest common factor of f and 272.
68
Suppose -5*m - 171 = 129. Let b be m/(-3 + 2 + 0). Suppose -s = r - 13, 31 = 3*r - s - 4*s. Calculate the greatest common divisor of b and r.
12
Suppose -32 = -10*s + 6*s. Let h = 8 + s. Calculate the highest common factor of 24 and h.
8
Let v = -1782 + 1851. Let q(s) = s**3 - 10*s**2 - 6*s - 9. Let o be q(11). What is the highest common factor of o and v?
23
Let b(t) = 2*t**2 + 10*t + 32. Let r be b(-11). Calculate the greatest common divisor of 246 and r.
82
Let v be -1 - -2 - (1 - 175). Suppose 5*f - 120 = -5*r, 45 = f + f + 5*r. What is the highest common factor of f and v?
25
Let m = 121 + -118. Calculate the greatest common factor of 42 and m.
3
Let d(c) = -c + 43. Let a be d(-42). Suppose p + 69 = 2*h, 0 = -0*h - 3*h + p + 103. What is the highest common divisor of h and a?
17
Suppose 0 = 3*h - 13 - 20. Let a(j) = 4*j + 1. Let r be a(8). Calculate the highest common divisor of r and h.
11
Suppose -24 = -3*f + 9*f. Let a(n) = -n**3 - 3*n**2 + 2*n - 1. Let v be a(f). Let b be (-6)/(((-21)/88)/v). What is the greatest common divisor of 22 and b?
22
Suppose 22*q - 1 = -5*g + 23*q, 5*g - 2*q + 3 = 0. Calculate the highest common divisor of 139 and g.
1
Let c = 9 + -7. Suppose -m = c*m. Suppose 4*u + m*b - 256 = -2*b, -3*u = -4*b - 203. Calculate the highest common divisor of 13 and u.
13
Suppose -13 = 4*x - 1. Let b(r) = -2*r**3 - 4*r**2 - 4*r - 5. Let q be b(x). Calculate the highest common factor of q and 175.
25
Let h be 4/10*(-210)/(-7). Let x = 0 + h. Let z be 4/3*9*7. Calculate the highest common factor of x and z.
12
Let p = 1605 - 225. Calculate the greatest common divisor of 120 and p.
60
Let w be 2 - (-15)/(-10)*48. Let c = -65 - w. Calculate the greatest common divisor of c and 25.
5
Suppose 3*x + 2*x = 15. Suppose 5*w + 85 = 5*c - 0*c, x*c + 5*w - 51 = 0. What is the greatest common factor of 119 and c?
17
Suppose 0 = 3*r + 2*r - 220. Let c be 0/(1 + (-2 - 1)). Suppose 0 = -2*k - c*k + r. Calculate the greatest common factor of k and 22.
22
Suppose 5*l = 2*l + 21. Suppose 5*o = h + 11, l*o = 2*o - 5*h + 5. Suppose -5*c = -o - 33. What is the highest common factor of 42 and c?
7
Suppose 3*x - 5*o - 22 = 0, 2*o + 29 = 3*x - 5. Let s = -692 + 980. Suppose 0 = u - 344 + s. What is the highest common divisor of u and x?
14
Let l(r) = r**3 + 5*r**2 + 3*r - 2. Let j be l(-4). Suppose -3*i - 135 = -45. Let k = i + 42. What is the highest common factor of j and k?
2
Let q be (-260)/(-5) - (-4 + 2). Let n = 70 - q. Calculate the highest common factor of 320 and n.
16
Let x(n) = -1310*n + 34. Let a be x(-1). Calculate the greatest common divisor of 21 and a.
21
Let f be 575 + (-16)/(7 - 5). What is the highest common factor of 7 and f?
7
Let y be (-288)/5 + (-2)/5. Let s be 10/15 + y/(-3). Let j be (44/(-10))/((-8)/s). What is the highest common factor of 11 and j?
11
Let d be 0 - (-5)/(20/8). Suppose -1 = -d*l + 3*a + 9, -3*a = 3*l. Suppose -l*s + 120 = -s. Calculate the greatest common factor of 24 and s.
24
Let k = -4 + 10. Suppose -3*s + 4*s = k. Suppose -s*p + 7*p - 18 = 0. Calculate the highest common factor of 27 and p.
9
Let r(x) = -61*x - 17. Let n be r(-12). Suppose -n = 10*y - 15*y. Calculate the highest common divisor of y and 11.
11
Let f be (-21)/(-28) - 106/(-8). Let k = -123 + 129. What is the highest common divisor of k and f?
2
